- 2. Let c be r(-2). Calculate w(c).
8
Let z be (2/3)/(((-21)/36)/(-7)). Suppose -h = -5*x + 10, 5*h + 0 + z = 4*x. Let d(v) = v**3 - v + 1. What is d(x)?
7
Let o(z) = -z**3 + 5*z**2 + 6*z + 8. Suppose -d - 3 = c + 2*d, 5*d = -c - 7. Suppose -x - 1 + c = 0. Suppose 0 = 4*r - x*b - 30, r - 4*b - 21 = b. Give o(r).
8
Suppose b = -2*a, -a + 2*b = -0*a - 10. Let r(y) = -3*y**3 - a - 3*y**3 + y + 5*y**3 - y**2 - 4. Determine r(0).
-6
Let p(l) = 11*l - 3. Let x(t) = 12*t - 2. Let j(b) = 3*p(b) - 4*x(b). Let w be -3*1/(2/(2 + -4)). Suppose -6*k + 9*k - w = 0. Determine j(k).
-16
Let s(a) be the first derivative of 2*a**2 + 24*a + 166. Calculate s(-7).
-4
Let t = 50 - 53. Let v(j) = j**2 + 5*j - 1. Let g be v(-4). Let y = g - t. Let r(q) = -q**3 - q**2 + q - 1. Give r(y).
1
Let c(r) = 141*r**2 + 4*r + 4. Let q be c(-1). Let k(s) = -3 + 3 + q*s**2 + s - 138*s**2. Determine k(-1).
2
Let z(i) = i. Let m(x) = -7*x - 2. Let d(w) = m(w) + 6*z(w). Let v be d(-3). Let a(r) = -36*r + 27*r + 15*r. Determine a(v).
6
Let h(m) = -m**3 + 4*m**2 - 6*m - 5. Let s(a) = a**3 - a - 1. Let p(y) = h(y) + 2*s(y). Calculate p(-6).
-31
Let l(w) = w**2 + 6*w + 5. Let g(h) = -h**3 + 10*h - 6*h**2 - 14*h + 5 - 5*h - 5*h**2. Let k be g(-10). Determine l(k).
0
Let d(h) be the third derivative of -h**5/2 - h**4/24 - h**3/6 - 19*h**2. What is d(-1)?
-30
Suppose 2*u = 4*l - 20, -3*l + 5 = -u - 7. Let w(t) = -t**3 - 7*t**2 - 8*t - 5. Calculate w(u).
7
Let q(f) = -f**2 - 6*f + 6. Suppose 0*z + 4*z = -5*b + 1, 0 = 5*z + 5*b + 5. Let i be q(z). Let t(u) = u**2 - 7*u + 9. What is t(i)?
3
Let r be 4 + (1 - (-2)/(-2)). Suppose -8 = -3*l + r. Let f(i) = i**3 - 5*i**2 + 5*i - 5. Determine f(l).
-1
Let m(d) = -6*d + 2. Let g be m(1). Let q(a) be the third derivative of -a**5/30 - 7*a**4/24 - 2*a**3/3 + 3*a**2 - a. What is q(g)?
-8
Let a(w) = -1. Let v(z) = z**3 + 4*z**2 + 4*z. Let b be v(-3). Let y(x) = -x**2 + 6*x + 2. Let k(q) = b*a(q) - y(q). Give k(6).
1
Let u(l) = l**3 - 9*l**2 - 75*l - 31. Let d be u(-5). Let w(n) be the second derivative of n**4/12 + 4*n**3/3 + 5*n**2/2 - n. Give w(d).
-7
Let r(u) = u**2 - 2*u - 4. Let v = 99 - 96. Let n = -11 - -17. Suppose -n = -p + v*p. Give r(p).
11
Let u = 22 - 17. Suppose w + 11 = -l - 1, 3*l + 50 = -u*w. Let c = w + 11. Let h(y) = y**2 - y - 4. What is h(c)?
8
Suppose 12 = -3*j - 0*j. Let o(t) = -t**3 + 9*t**2 - 3. Let a(n) = -2*n**3 + 21*n**2 - n - 7. Let i(s) = -4*a(s) + 9*o(s). Give i(j).
1
Let s(r) = r**3 + 3*r**2 - 1. Let f = 213 + -216. Calculate s(f).
-1
Suppose 5*i = 16*i - 8*i. Let d(f) = 3*f + 6. Let w(z) = -7*z - 13. Let h(q) = 9*d(q) + 4*w(q). Calculate h(i).
2
Let b(q) be the third derivative of -2*q**2 + 0 + 0*q + 3/2*q**3 - 1/12*q**4. Let i be b(6). Let z(k) = -k**3 - 3*k**2 - k + 1. Calculate z(i).
4
Suppose 1 + 2 = k. Let v = 6 - 4. Suppose k*w + 9 = 3*l, v*l = 6*l - w - 18. Let m(n) = -n**2 + 6*n - 4. Determine m(l).
1
Let n(a) = 5*a. Suppose -48*i = -40*i - 24. Suppose 3*p - 11 = 1. Let f(d) = -6*d. Let b(o) = i*f(o) + p*n(o). Calculate b(1).
2
Suppose 2*q + 2 = 4. Let h(p) = -1 + 32*p - 37*p - q. What is h(-2)?
8
Let a(i) be the second derivative of -2/3*i**4 - 3*i + 1/3*i**3 + 0 + 1/2*i**2. What is a(-1)?
-9
Let p(z) = -z**2 - 10*z + 10. Let o(k) = k + 3. Let d be o(7). Let x = d + -21. What is p(x)?
-1
Let n(c) be the third derivative of c**4/6 + 3*c**3/2 - 7*c**2 - 10*c. Calculate n(-6).
-15
Let j(f) = 2*f - 24. Let m(g) = 122*g - 839. Let i be m(7). Determine j(i).
6
Let r(c) = -11*c - 38. Let i(h) = -31*h - 65. Let b(j) = -6*j - 13. Let o(n) = -11*b(n) + 2*i(n). Let z(y) = 17*o(y) + 6*r(y). Calculate z(5).
3
Let y(b) = 3*b + 7. Let r be 5*((-14)/(-21))/(4/(-6)). Let v be y(r). Let s(t) = t + 2. Determine s(v).
-6
Let d(n) = 7*n**2 + 25 + n**3 + 2*n - 43 + 24. Let t(i) = -3*i**3 - 22*i**2 - 5*i - 18. Let s = -25 + 18. Let h(f) = s*d(f) - 2*t(f). Determine h(-4).
-6
Let w(a) = 3*a**3 - 1. Let o be w(-1). Suppose -2*j + 3*x = -16, -3*j - 7*x + 2 = -6*x. Let s(t) = 19*t**j - 5 + t**3 + 4 - 15*t**2 + 6. What is s(o)?
5
Let a = 29 + -26. Let f(z) = 2 - a + 5 - 1 + z. Determine f(-5).
-2
Let r(o) be the first derivative of -o**2/2 + 3*o + 368. What is r(0)?
3
Let v(y) be the first derivative of -y**4/4 - 8*y**3/3 + 3*y**2/2 + 11*y + 125. Calculate v(-8).
-13
Let c = 29 - 26. Suppose -c*m = -4 - 2. Let i(j) = 2 + 0 - j - m. Calculate i(6).
-6
Suppose -3 = 3*v, 3*j - 3*v = -5 + 8. Let m(w) be the first derivative of -w**3/6 + w**2/2 + 2*w - 5. Let r(k) be the first derivative of m(k). Calculate r(j).
1
Let l(b) = b**2 + 3*b + 4. Let d = 13 - 42. Let s = 26 + d. Determine l(s).
4
Let c(g) = -8*g**2 + g + 1. Let h = -10 + 15. Suppose h*t = -5*l + 15, 5*t - 5*l + 1 + 34 = 0. What is c(t)?
-33
Let d be 1/8*-14*-4. Suppose m - 12 = 2*s, 2*s = 5*m - d*m. Let o(u) = 2*u**2 + 5*u - 1. What is o(s)?
11
Let f(p) = -3*p**2 - 3*p + 3. Let u be (-1*(4 + -5))/(2/(-6)). What is f(u)?
-15
Let n(m) = m**2 + 7*m + 5. Let o(j) be the first derivative of -j**2/2 - 4*j + 8. Let f be o(3). What is n(f)?
5
Suppose 5*s = 2*s + 12. Suppose -b + 4*p = 6, -3*b = 6*p - s*p + 18. Let v(i) = -i**2 - 9*i - 3. What is v(b)?
15
Suppose -2*a - a + 18 = 0. Let u(o) = -3*o**3 - 11*o**2 + 14*o + 2. Let c(v) = 2*v**3 + 10*v**2 - 12*v - 3. Let l(k) = 4*c(k) + 3*u(k). Give l(a).
-6
Let u be -3 - ((-390)/50 - 2/10). Let s(w) = -w**2 + 3*w + 5. Give s(u).
-5
Let s(g) = -2*g**2 + 2*g - g + g**2 + 2*g**2. Suppose 4*i = -0*i + 5*k, 5*i - k = 21. Let a(p) = 7*p + 1. Let z(m) = i*s(m) - a(m). Determine z(-1).
6
Let u = -206 - -201. Let r(q) = q**3 + 5*q**2 + q + 7. Calculate r(u).
2
Let d(n) = -n**2 + 6*n - 2. Suppose 0 = 7*h - 14 - 21. Let w be d(h). Let q(c) be the second derivative of -c**3/6 + 2*c**2 + c. Give q(w).
1
Suppose -1 - 4 = u - j, -2*j + 6 = 0. Let r = 8 - 6. Let t(o) = -9*o - 2 + 1 + r + 10*o - 2*o**2. What is t(u)?
-9
Let j(k) = k**3 + 5*k**2 - 6*k - 7. Let i be j(-6). Let c(u) = u**3 + 8*u**2 + 9*u + 8. Let b be c(i). Let a(m) = 32 + 26 - 51 + 3*m. Calculate a(b).
-11
Suppose 0 = 5*n + 11 - 16. Let b = 27 - 12. Let k(z) = -b*z + 29*z - n - 15*z. Calculate k(4).
-5
Let l(c) = -c**3 + 5*c**2 - 4*c - 1. Let v be l(3). Let a = v + -2. Let b(h) = 11*h - 1. Let p(r) = -6*r. Let o(s) = 3*b(s) + 5*p(s). Give o(a).
6
Let w(m) = m**2 - 2*m - 1. Let b be w(-1). Let r(a) = -6 - 4*a**b + 2*a**3 + 3*a + 3 - a**3. Let z = -41 - -45. Calculate r(z).
9
Let x(c) = c**3 - 3*c**2 - 5*c + 6. Let o be ((-24)/30)/((-2)/10). Let q be x(o). Let z(y) = 5*y - 4*y - 2 + q*y. Give z(2).
4
Let z(j) = -j**2 + 2*j - 5. Let q(g) = 4*g**2 - 10. Let u be q(-2). Give z(u).
-29
Let l(t) = -4*t + 4. Let j = -2 + 2. Let f(w) = -1 + j + 2 + 0. Let x(p) = 8*f(p) - 2*l(p). Determine x(1).
8
Let n(w) = -7*w + 137. Let k be n(20). Let u(v) = -4*v + 4. Let p(q) = 3*q - 4. Let l(s) = 5*p(s) + 4*u(s). What is l(k)?
-1
Let v(i) = -2*i + 8. Suppose -7*j = 8 - 22. Give v(j).
4
Let n(l) be the second derivative of l**6/180 + l**5/120 + 5*l**4/3 - l**3/6 - 3*l + 9. Let r(u) be the third derivative of n(u). What is r(-2)?
-7
Let l(g) = -3*g**2 + 4*g + 5. Let t(w) = -13*w**2 + 15*w + 17. Let b(r) = 9*l(r) - 2*t(r). Give b(8).
-5
Let l(h) = 2*h**3 - 25*h**2 + 36*h + 12. Let v(j) = -j**3 + 12*j**2 - 17*j - 6. Let u(z) = 4*l(z) + 9*v(z). Calculate u(6).
12
Let i(z) be the second derivative of -z**5/60 - z**4/6 - 5*z**3/6 - 5*z**2 + 6*z. Let q(l) be the first derivative of i(l). Determine q(-4).
-5
Let l(p) be the third derivative of 0 + 1/60*p**5 + 1/8*p**4 - 2/3*p**3 + 4*p**2 + 0*p. Calculate l(-6).
14
Let d = 133 + -92. Let l(n) = -n**2 + 29*n - 54. Let u be l(27). Suppose u = 5*f - 6 + d. Let q(o) = o**2 + 9*o + 4. Calculate q(f).
-10
Let r = 10 - 7. Suppose r*z - 14 = -4*l, 12 = 2*z + 3*l + l. Let h(d) = -12*d**z + 6 - 4*d + 6*d**2 + 5*d**2. What is h(-5)?
1
Let p be 18/(-63) + (-40)/7. Let s(t) = t + 12. Determine s(p).
6
Let c = 331 + -328. Let w(a) be the first derivative of -10 + 0*a**2 - 4/3*a**c + 0*a. What is w(-1)?
-4
Let y = 1671 - 1656. Let v(c) = -c**3 + 15*c**2 + 2*c - 34. Calculate v(y).
-4
Let r(j) be the second derivative of j**5/20 - j**4/3 - 5*j**3/6 + j**2 - 9*j + 1. Give r(5).
2
Let q(m) = 40*m + 36*m + m**2 - 8 - 67*m. Calculate q(-9).
-8
Let c(d) = -2*d**3 - 3*d**2 + 4*d**2 + d**3. Le